/(-12)*(-59)/3*2. Let q = i + -86. List the prime factors of q.
7, 13
Suppose 168*q - 219492 = 142*q. What are the prime factors of q?
2, 3, 7, 67
Let i = 350 + -106. Suppose 2*q + 456 = 4*o, 2*o - 29*q + 32*q - i = 0. What are the prime factors of o?
2, 29
Let j(u) = 12330*u - 5748. List the prime factors of j(5).
2, 3, 7, 11
Let l = 14 - 10. Suppose 0 = -7*t - 2*t + 1683. Suppose b + t = 4*b - 5*f, f + 272 = l*b. List the prime factors of b.
3, 23
Let w = 98 - 43. Suppose -w*u - 332 = -59*u. Suppose u = 5*p + 4*l, 47 = 2*p + 5*l + 7. List the prime factors of p.
3, 5
Let a be ((-15)/(-5) - (5 + -2)) + 212. Let m = 465 + a. What are the prime factors of m?
677
Let m(j) = 9*j - 3*j**2 - 20*j - 5 - j**3 - 8*j**2 + 0*j**3. Suppose v = 5*v + 40. List the prime factors of m(v).
5
Suppose -3*u + 51 = s, 2*u - 114 = -4*s + 2*s. Suppose -s + 27 = -j. What are the prime factors of j?
3, 11
Suppose 0 = 5*f + 5*h + 18 - 53, 18 = 2*f + 4*h. Suppose -f*j + 0*x = 4*x - 15, -x = 5*j - 15. What are the prime factors of (30030/24)/11 - j/4?
113
Let o = -23 - -53. What are the prime factors of ((-5)/2)/(0 - 3/o)?
5
Let o(p) = -p**2 + 13*p + 14. Let a be 4 + 62/6 + 2/(-6). Let w be o(a). Suppose w*b + 2*b = 46. List the prime factors of b.
23
Let p(o) = 2*o**2 + o + 13. Let y = -6 + -39. Let f = y - -39. List the prime factors of p(f).
79
List the prime factors of 0/(-2) - -2 - 351/(-195)*38965.
70139
Suppose 2*s = 73 - 65. Suppose -o = -s*m - m - 7, -3*o = -2*m - 8. What are the prime factors of 90 - (-7 - -1)/o?
3, 31
Let o(s) = -163*s**3 + 2*s**2 + 2*s + 10. Let i be o(-4). Suppose i + 1684 = 27*a. List the prime factors of a.
2, 3, 5
List the prime factors of 4250 - (-2)/(-2)*48/6.
2, 3, 7, 101
Let n be 0 + 1 + 1 + (-28)/7. Let b be (0/(-7))/((-2)/(n/3)). Suppose -2*p - 2*u + 39 = 7, 3*p - 5*u - 16 = b. What are the prime factors of p?
2, 3
Suppose 0 = -n - 230 + 243. Suppose 1870 = n*z - 15069. List the prime factors of z.
1303
Suppose -128904 = -19*t - 17887. List the prime factors of t.
5843
Let p be (-2 + -2 + -162)/(0 + 2). Let x = -23 - p. Let r = x + -15. List the prime factors of r.
3, 5
Let m(r) be the third derivative of 4*r**4/3 + 29*r**3/6 - 13*r**2. List the prime factors of m(5).
3, 7
Suppose 1651 = 4*n + 3*p, -5*p - 210 - 197 = -n. What are the prime factors of n?
2, 103
Let z = 7 - 1. Let y be 1*-1*(3 + -3)/(-4). Suppose z*n - 113 + 29 = y. What are the prime factors of n?
2, 7
Suppose -2*f - k = -10143, f + 2471 - 7539 = -4*k. List the prime factors of f.
2, 317
Suppose -60 + 30 = -5*k. Suppose -2092 = -4*t + 4*w, -4*t - 3*w + 2087 = -k*w. List the prime factors of t.
2, 7, 37
Let d(i) be the third derivative of 32*i**5/15 + i**3/6 - 14*i**2. Let j be d(-1). Suppose -5*z + 267 + 374 = 3*f, -z + j = f. What are the prime factors of z?
127
Suppose -3*v = 2*v - 5*h - 35, 3*v - 17 = -h. Suppose -v = 10*w - 9*w. What are the prime factors of 100/w*30/(-4)?
5
Let w(p) = 3*p - 1. Let q be w(5). Suppose 65 = -2*u - 5*f, 7*f - 126 = 3*u + 5*f. Let s = q - u. What are the prime factors of s?
2, 3
Let z(q) = -81 + 150 + 11*q**2 + 10*q**2 - 18*q - q**3. List the prime factors of z(20).
109
Let m be (-31)/(-6) - (-4 - 250/(-60)). Suppose -121 = -4*q + 3*q + 3*y, 5*q - m*y - 635 = 0. What are the prime factors of q?
2, 5, 13
Let z = -331 - -272. What are the prime factors of (-8)/(40/z) - 1/(-5)?
2, 3
Let d(b) = 2*b - 22. Let o be d(-9). Let s be 0 + -3 - o/10. List the prime factors of 105 - (4 - (s - -1)).
103
Let o(i) = -i**2 - 6*i - 6. Let x be o(-4). Let g = 15208 + -15205. Suppose 4*u = -g*s + 990, -x*u = -u - 3*s - 255. What are the prime factors of u?
3, 83
Let m = -1827 + 9834. List the prime factors of m.
3, 17, 157
Let f(z) be the third derivative of z**5/4 - 23*z**4/24 + 23*z**3/6 - 163*z**2. What are the prime factors of f(-8)?
3, 389
Let n(t) = t - 1. Let s be n(6). Let u(a) = -151*a - 13. Let o be u(s). List the prime factors of 3*(o/(-9) + (-4)/6).
2, 127
What are the prime factors of (-10)/(-75) - 752830/(-150)?
3, 7, 239
Let p(q) = 40*q + 30. Let s be p(-5). Let k = s - -683. What are the prime factors of k?
3, 19
Let o be 162/8 - 13/52. Suppose 4*r + 20 = -o. What are the prime factors of (-142)/3*15/r?
71
Suppose -8*a + 49187 = 3*j - 73692, -5*j = -25. What are the prime factors of a?
2, 7, 1097
Let v(b) = 4*b**3 - 30*b - 31. Let m be v(-1). Suppose -5*t = -3*i + 167, 0*t + 4*i + 72 = -2*t. What are the prime factors of (-212)/m*(-85)/t?
2, 53
Suppose 3*y = 4*i + 7*y - 92, -6 = 2*y. Suppose -2*h = -2*x - i, 0 = 3*x - x + 2. Suppose 10*o - 14*o + h = 0. What are the prime factors of o?
3
Suppose -5*f + 2*l + 12 = 0, 4*f = -l - 1 + 8. Suppose 5*b - f - 18 = 0. Suppose b*j - 40 = -4*k, 5*k = 4*k + 2*j + 16. List the prime factors of k.
2, 3
Let s(i) = -6*i**3 + 23*i**2 + 59*i - 1. What are the prime factors of s(-3)?
191
Let d(h) = 18*h**2 - 55*h + 154. What are the prime factors of d(10)?
2, 3, 13
What are the prime factors of (-93 + 6*(-20)/(-12))*-481?
13, 37, 83
Suppose 92*z - 96*z + 40 = 0. Suppose z*n = 7*n + 1566. List the prime factors of n.
2, 3, 29
Let z(q) = 132*q**3 - 13*q**2 + 38*q - 28. What are the prime factors of z(5)?
17, 31
Let a be -1 - 2 - (0 + -4). Let w be ((0 + 4)/2)/a. Suppose -44 = -4*z + w*z. What are the prime factors of z?
2, 11
What are the prime factors of (13 - 1168/96) + 27037*(-1)/(-6)?
4507
Let z(o) = 1. Let f(p) = -p**3 + 2*p**2 - 6*p. Let x(l) = -f(l) - 6*z(l). Let t(u) = -12*u - 32. Let c be t(-3). What are the prime factors of x(c)?
2, 5
Suppose -15*z = 18*z - 27*z - 74826. List the prime factors of z.
3, 4157
What are the prime factors of (2 - -8)*(-38654)/(-44)?
5, 7, 251
Suppose -69*o + 67*o + 46 = 0. Suppose 4*l = -5*d + 2221, o*l = 3*d + 28*l - 1343. What are the prime factors of d?
3, 7
Suppose -392035 = -38*m + 9*m - 6*m. What are the prime factors of m?
23, 487
Suppose 7*m + 4*x = 2*m + 63719, -5*m + 4*x = -63671. List the prime factors of m.
12739
Suppose -5*k + l = -15, -4*l + 25 = l. Let r = k + 17. Let d = r + 34. What are the prime factors of d?
5, 11
What are the prime factors of 13/((-104)/(-32)) + (-23620)/(-4)?
19, 311
Suppose -l - 2*l - 25 = -4*m, 3*l + 19 = -2*m. List the prime factors of l*(-2 + -1 + -10).
7, 13
Let i = -110 + 383. Suppose c + 56 = -b, -2*b - i = 5*c - 4*b. Let v = c - -146. List the prime factors of v.
7, 13
Let t = -6143 + 18898. List the prime factors of t.
5, 2551
Let b = -460 - -459. Let q(d) = -32*d + 4. Let r(h) = -33*h + 3. Let i(w) = -3*q(w) + 4*r(w). List the prime factors of i(b).
2, 3
Suppose 1186171 - 354021 = 107*d - 18*d. List the prime factors of d.
2, 5, 11, 17
Suppose 6*t + 0*t - 648 = 0. Let n be 8/(-52) + t/26. Suppose n*x + 4*r = 112, -38 = -5*x + 3*x + 4*r. What are the prime factors of x?
5
Suppose 12 = 9*v - 3*v. Suppose 3*u + v*d = 2055 - 531, 2*d = 3*u - 1536. Suppose -2*b = 8*b - u. What are the prime factors of b?
3, 17
Let r(a) = a**2 - 3*a - 13. Let v be r(-7). Let l = v + -53. Suppose -b + 5*w = -3*b + 46, 0 = 4*b + l*w - 68. List the prime factors of b.
13
Let n(c) = c**2 - 5*c + 9. Let u be 10 - -4*(-2)/(1 - -1). Let x be n(u). Let p(z) = -z**3 + 17*z**2 - 17*z - 28. What are the prime factors of p(x)?
167
Suppose c + 11*b - 6*b - 10768 = 0, -5*c - 3*b = -53730. What are the prime factors of c?
3, 3581
Let b(r) = 3*r**2 - 8*r + 2. Let i be b(-5). Let p = 243 - i. Suppose -4*d + p = 14. What are the prime factors of d?
2, 7
Let m(k) = -1036*k - 4380. List the prime factors of m(-12).
2, 3, 11, 61
Let t(r) be the third derivative of 3/2*r**3 + 0*r - 14*r**2 + 0 + 3/8*r**4. List the prime factors of t(13).
2, 3, 7
List the prime factors of 23*(1/(3/(-6)))/(28/(-16450)).
5, 23, 47
Let p(f) = -649*f**3 + f**2 + 7*f + 12. What are the prime factors of p(-4)?
2, 11, 59
Let u = 902 - 800. List the prime factors of u.
2, 3, 17
Let x(j) = -j**3 + 19*j**2 - 26*j - 5. Let w be x(17). Suppose 5071 = 10*t + w. List the prime factors of t.
2, 13, 19
Suppose 5*c - 8 = 17. Suppose 20 = 6*q - q + c*o, 4*q - 12 = -3*o. Suppose q = 4*m - 78 - 258. List the prime factors of m.
2, 3, 7
Let b(a) = 11*a**3 - a**2 - 2*a + 4. Let x be b(1). Let k(q) = 22 - 9 + q**3 - 5*q**3 - 11*q**2 - 7*q + 5*q**3. What are the prime factors of k(x)?
73
Suppose 9*h =